{"id":1812,"date":"2022-12-13T04:41:41","date_gmt":"2022-12-13T04:41:41","guid":{"rendered":"https:\/\/autobiler.com\/index.php\/services\/"},"modified":"2023-05-13T14:55:55","modified_gmt":"2023-05-13T14:55:55","slug":"services","status":"publish","type":"page","link":"https:\/\/autobiler.com\/index.php\/services\/","title":{"rendered":"Services"},"content":{"rendered":"\n<div class=\"wp-block-uagb-container uagb-block-c21420d8 alignfull uagb-is-root-container\"><div class=\"uagb-container-inner-blocks-wrap\">\n<div class=\"wp-block-uagb-container uagb-block-d719c51f\">\n<div class=\"wp-block-uagb-advanced-heading uagb-block-5e856b35\"><h6 class=\"uagb-heading-text\">Det vi tilbyder<\/h6><\/div>\n\n\n\n<div class=\"wp-block-uagb-info-box uagb-block-d836d2fd uagb-infobox__content-wrap  uagb-infobox-icon-above-title uagb-infobox-image-valign-top\"><div class=\"uagb-ifb-content\"><div class=\"uagb-ifb-title-wrap\"><h1 class=\"uagb-ifb-title\">Service af h\u00f8j kvalitet<\/h1><\/div><div class=\"uagb-ifb-separator\"><\/div><p class=\"uagb-ifb-desc\">Den service vi giver skal altid v\u00e6re af h\u00f8j kvalitet, s\u00e5 er den ikke l\u00e6ngere. Det er nemlig vigtigt for os at vores kunder er glade for den bil de f\u00e5r tilbage uanset, hvordan den s\u00e5 ud f\u00f8r. <\/p><\/div><\/div>\n\n\n\n<div class=\"wp-block-uagb-buttons uagb-buttons__outer-wrap uagb-btn__default-btn uagb-btn-tablet__default-btn uagb-btn-mobile__default-btn uagb-block-ff4863d0\"><div class=\"uagb-buttons__wrap uagb-buttons-layout-wrap\">\n<div class=\"wp-block-uagb-buttons-child uagb-buttons__outer-wrap uagb-block-2661df5a wp-block-button is-style-outline\"><div class=\"uagb-button__wrapper\"><a class=\"uagb-buttons-repeater wp-block-button__link has-background has-text-color\" href=\"#\" onclick=\"return false;\" rel=\"follow noopener\" target=\"_self\"><span class=\"uagb-button__icon uagb-button__icon-position-before\"><svg xmlns=\"https:\/\/www.w3.org\/2000\/svg\" viewBox=\"0 0 448 512\"><path d=\"M160 32V64H288V32C288 14.33 302.3 0 320 0C337.7 0 352 14.33 352 32V64H400C426.5 64 448 85.49 448 112V160H0V112C0 85.49 21.49 64 48 64H96V32C96 14.33 110.3 0 128 0C145.7 0 160 14.33 160 32zM0 192H448V464C448 490.5 426.5 512 400 512H48C21.49 512 0 490.5 0 464V192zM328.1 304.1C338.3 295.6 338.3 280.4 328.1 271C319.6 261.7 304.4 261.7 295 271L200 366.1L152.1 319C143.6 309.7 128.4 309.7 119 319C109.7 328.4 109.7 343.6 119 352.1L183 416.1C192.4 426.3 207.6 426.3 216.1 416.1L328.1 304.1z\"><\/path><\/svg><\/span><div class=\"uagb-button__link\">Book en tid<\/div><\/a><\/div><\/div>\n<\/div><\/div>\n<\/div>\n<\/div><\/div>\n\n\n\n<div class=\"wp-block-uagb-container uag-blocks-common-selector uagb-block-02fdac1a alignfull uagb-is-root-container\"><div class=\"uagb-container-inner-blocks-wrap\">\n<div class=\"wp-block-uagb-container uagb-block-23d72563\">\n<div class=\"wp-block-uagb-container uagb-block-3189235e\">\n<div class=\"wp-block-uagb-container uagb-block-329be9e1\">\n<div class=\"wp-block-uagb-info-box uagb-block-4ad8d104 uagb-infobox__content-wrap  uagb-infobox-icon-above-title uagb-infobox-image-valign-top\"><div class=\"uagb-ifb-content\"><div class=\"uagb-ifb-title-wrap\"><h2 class=\"uagb-ifb-title\">Det vi g\u00f8r<\/h2><\/div><div class=\"uagb-ifb-separator\"><\/div><p class=\"uagb-ifb-desc\">Efter mange \u00e5r i branchen har vi har vi et bredt tilbud af services vi kan give vores kunder. S\u00e5 snart vi \u00e5bner til vi lukker har vi en mission, at f\u00e5 det bedste resultat ud til vores kunder. Dette kr\u00e6ver et bredt omfang af kompetencer, derfor har vi mange forskellige betjenster.<\/p><\/div><\/div>\n<\/div>\n<\/div>\n\n\n\n<div class=\"wp-block-uagb-container uagb-block-b3870014 alignfull uagb-is-root-container\"><div class=\"uagb-container-inner-blocks-wrap\">\n<div class=\"wp-block-uagb-container uagb-block-2726d418\">\n<div class=\"wp-block-uagb-info-box uagb-block-6fc1e01b uagb-infobox__content-wrap  uagb-infobox-icon-above-title uagb-infobox-image-valign-top\"><div class=\"uagb-ifb-content\"><div class=\"uagb-ifb-image-content\"><img decoding=\"async\" src=\"https:\/\/autobiler.com\/wp-content\/uploads\/2021\/03\/setting-icon.png\" alt=\"\" width=\"26\" height=\"26\" loading=\"lazy\"\/><\/div><div class=\"uagb-ifb-title-wrap\"><h4 class=\"uagb-ifb-title\">Auto Vedligeholdese Service\u200b<\/h4><\/div><p class=\"uagb-ifb-desc\">Hvis du bare skal have et olieskift eller et syn er det fint med os da vi er klar p\u00e5 b\u00e5de det store og sm\u00e5!<\/p><\/div><\/div>\n<\/div>\n\n\n\n<div class=\"wp-block-uagb-container uagb-block-5fffc0d2\">\n<div class=\"wp-block-uagb-info-box uagb-block-329dc746 uagb-infobox__content-wrap  uagb-infobox-icon-above-title uagb-infobox-image-valign-top\"><div class=\"uagb-ifb-content\"><div class=\"uagb-ifb-image-content\"><img decoding=\"async\" src=\"https:\/\/autobiler.com\/wp-content\/uploads\/2021\/03\/rotor.png\" alt=\"\" width=\"26\" height=\"26\" loading=\"lazy\"\/><\/div><div class=\"uagb-ifb-title-wrap\"><h4 class=\"uagb-ifb-title\">Bremse Reperationer Bremseklodser og Rotorer<\/h4><\/div><p class=\"uagb-ifb-desc\">Bremser er noget af det vigtigste i en bil. Dette ved vi og det er ogs\u00e5 derfor vi tager bremserne meget seri\u00f8st i v\u00e6rkstedet.<br><\/p><\/div><\/div>\n<\/div>\n\n\n\n<div class=\"wp-block-uagb-container uagb-block-a8cbc1f8\">\n<div class=\"wp-block-uagb-info-box uagb-block-1b90d65c uagb-infobox__content-wrap  uagb-infobox-icon-above-title uagb-infobox-image-valign-top\"><div class=\"uagb-ifb-content\"><div class=\"uagb-ifb-image-content\"><img decoding=\"async\" src=\"https:\/\/autobiler.com\/wp-content\/uploads\/2021\/03\/shocks.png\" alt=\"\" width=\"26\" height=\"26\" loading=\"lazy\"\/><\/div><div class=\"uagb-ifb-title-wrap\"><h4 class=\"uagb-ifb-title\">St\u00f8d, udskiftning af stivere<\/h4><\/div><p class=\"uagb-ifb-desc\">St\u00f8d\u00e6mpere er noget af det vigtigste for k\u00f8reegenskaberne da det kan v\u00e6re med til at g\u00f8re bilen mere komfortable eller mere sporty afh\u00e6ngig af hvad man \u00f8nsker<\/p><\/div><\/div>\n<\/div>\n<\/div><\/div>\n\n\n\n<div class=\"wp-block-uagb-container uagb-block-53ffd538 alignfull uagb-is-root-container\"><div class=\"uagb-container-inner-blocks-wrap\">\n<div class=\"wp-block-uagb-container uagb-block-41085a21\">\n<div class=\"wp-block-uagb-info-box uagb-block-cb673a73 uagb-infobox__content-wrap  uagb-infobox-icon-above-title uagb-infobox-image-valign-top\"><div class=\"uagb-ifb-content\"><div class=\"uagb-ifb-image-content\"><img decoding=\"async\" src=\"https:\/\/autobiler.com\/wp-content\/uploads\/2021\/03\/system-inside.png\" alt=\"\" width=\"26\" height=\"26\" loading=\"lazy\"\/><\/div><div class=\"uagb-ifb-title-wrap\"><h4 class=\"uagb-ifb-title\">System Diagnose &amp; Reperation<\/h4><\/div><p class=\"uagb-ifb-desc\">Det er ikke alle ting man l\u00e6gger m\u00e6rke til n\u00e5r man k\u00f8rer bilen selvom det er meget vigtigt. Dette ved vi og derfor har vi de avancerede apparater til din bil.<\/p><\/div><\/div>\n<\/div>\n\n\n\n<div class=\"wp-block-uagb-container uagb-block-9123ee33\">\n<div class=\"wp-block-uagb-info-box uagb-block-843c160a uagb-infobox__content-wrap  uagb-infobox-icon-above-title uagb-infobox-image-valign-top\"><div class=\"uagb-ifb-content\"><div class=\"uagb-ifb-image-content\"><img decoding=\"async\" src=\"https:\/\/autobiler.com\/wp-content\/uploads\/2021\/03\/ac-repairs.png\" alt=\"\" width=\"26\" height=\"26\" loading=\"lazy\"\/><\/div><div class=\"uagb-ifb-title-wrap\"><h4 class=\"uagb-ifb-title\">Air Conditioning Services\u200b\u200b<\/h4><\/div><p class=\"uagb-ifb-desc\">I et land som Danmark er det sv\u00e6rt at vide om det bliver koldt eller varmt, men uanset hvad mener vi at man skal man have en komfortable k\u00f8retur.<\/p><\/div><\/div>\n<\/div>\n\n\n\n<div class=\"wp-block-uagb-container uagb-block-feb80a82\">\n<div class=\"wp-block-uagb-info-box uagb-block-6a89e4fe uagb-infobox__content-wrap  uagb-infobox-icon-above-title uagb-infobox-image-valign-top\"><div class=\"uagb-ifb-content\"><div class=\"uagb-ifb-image-content\"><img decoding=\"async\" src=\"https:\/\/autobiler.com\/wp-content\/uploads\/2021\/03\/tyre-service.png\" alt=\"\" width=\"26\" height=\"26\" loading=\"lazy\"\/><\/div><div class=\"uagb-ifb-title-wrap\"><h4 class=\"uagb-ifb-title\">D\u00e6k og Hjulbalancering<\/h4><\/div><p class=\"uagb-ifb-desc\">Uanset om du bare skal have skiftet fra vinterd\u00e6k til sommerd\u00e6k eller om du skal f\u00e5 rettet hjulene op er vi klar p\u00e5 det.<\/p><\/div><\/div>\n<\/div>\n<\/div><\/div>\n\n\n\n<div class=\"wp-block-uagb-container uagb-block-917103c0 alignfull uagb-is-root-container\"><div class=\"uagb-container-inner-blocks-wrap\">\n<div class=\"wp-block-uagb-container uagb-block-7e11208f\">\n<div class=\"wp-block-uagb-info-box uagb-block-60636172 uagb-infobox__content-wrap  uagb-infobox-icon-above-title uagb-infobox-image-valign-top\"><div class=\"uagb-ifb-content\"><div class=\"uagb-ifb-image-content\"><img decoding=\"async\" src=\"https:\/\/autobiler.com\/wp-content\/uploads\/2021\/03\/towing.png\" alt=\"\" width=\"26\" height=\"26\" loading=\"lazy\"\/><\/div><div class=\"uagb-ifb-title-wrap\"><h4 class=\"uagb-ifb-title\">Tr\u00e6kservice<\/h4><\/div><p class=\"uagb-ifb-desc\">Hvis din bil ikke l\u00e6ngere k\u00f8re er vi klar til at hj\u00e6lpe! Vi kan hente din bil og k\u00f8re den til v\u00e6rkstedet s\u00e5 hurtigt som muligt.<\/p><\/div><\/div>\n<\/div>\n\n\n\n<div class=\"wp-block-uagb-container uagb-block-d2c95a07\">\n<div class=\"wp-block-uagb-info-box uagb-block-88a7ecb9 uagb-infobox__content-wrap  uagb-infobox-icon-above-title uagb-infobox-image-valign-top\"><div class=\"uagb-ifb-content\"><div class=\"uagb-ifb-image-content\"><img decoding=\"async\" src=\"https:\/\/autobiler.com\/wp-content\/uploads\/2021\/03\/painting.png\" alt=\"\" width=\"26\" height=\"26\" loading=\"lazy\"\/><\/div><div class=\"uagb-ifb-title-wrap\"><h4 class=\"uagb-ifb-title\">Karosseri Raperation og Maling<\/h4><\/div><p class=\"uagb-ifb-desc\">Hvis din bil skal er ved er blive gammel at se p\u00e5 er vi klar til at f\u00e5 din bil frisket op igen.<\/p><\/div><\/div>\n<\/div>\n<\/div><\/div>\n<\/div>\n<\/div><\/div>\n\n\n\n<div class=\"wp-block-uagb-container uagb-block-c727753d alignfull uagb-is-root-container\"><div class=\"uagb-container-inner-blocks-wrap\">\n<div class=\"wp-block-uagb-container uagb-block-4ef898be\">\n<div class=\"wp-block-uagb-info-box uagb-block-d83daa87 uagb-infobox__content-wrap  uagb-infobox-icon-above-title uagb-infobox-image-valign-top\"><div class=\"uagb-ifb-content\"><div class=\"uagb-ifb-title-wrap\"><h2 class=\"uagb-ifb-title\">Har du brug for Vejhj\u00e6lp?<\/h2><\/div><div class=\"uagb-ifb-separator\"><\/div><p class=\"uagb-ifb-desc\">Hvis din bil er fanget et sted hvor du ikke bare lige kan komme hjem er vi klar til at hj\u00e6lpe dig p\u00e5 trods af hvor du er.<\/p><\/div><\/div>\n\n\n\n<div class=\"wp-block-uagb-buttons uagb-buttons__outer-wrap uagb-btn__default-btn uagb-btn-tablet__default-btn uagb-btn-mobile__default-btn uagb-block-3cbc2d55\"><div class=\"uagb-buttons__wrap uagb-buttons-layout-wrap\">\n<div class=\"wp-block-uagb-buttons-child uagb-buttons__outer-wrap uagb-block-35cbe415 wp-block-button is-style-outline\"><div class=\"uagb-button__wrapper\"><a class=\"uagb-buttons-repeater wp-block-button__link has-background has-text-color\" href=\"#\" onclick=\"return false;\" rel=\"follow noopener\" target=\"_self\"><span class=\"uagb-button__icon uagb-button__icon-position-before\"><svg xmlns=\"https:\/\/www.w3.org\/2000\/svg\" viewBox=\"0 0 512 512\"><path d=\"M18.92 351.2l108.5-46.52c12.78-5.531 27.77-1.801 36.45 8.98l44.09 53.82c69.25-34 125.5-90.31 159.5-159.5l-53.81-44.04c-10.75-8.781-14.41-23.69-8.974-36.47l46.51-108.5c6.094-13.91 21.1-21.52 35.79-18.11l100.8 23.25c14.25 3.25 24.22 15.8 24.22 30.46c0 252.3-205.2 457.5-457.5 457.5c-14.67 0-27.18-9.968-30.45-24.22l-23.25-100.8C-2.571 372.4 5.018 357.2 18.92 351.2z\"><\/path><\/svg><\/span><div class=\"uagb-button__link\">Ring efter assistance<\/div><\/a><\/div><\/div>\n<\/div><\/div>\n<\/div>\n<\/div><\/div>\n","protected":false},"excerpt":{"rendered":"<p>Det vi tilbyder<\/p>\n","protected":false},"author":1,"featured_media":0,"parent":0,"menu_order":0,"comment_status":"closed","ping_status":"closed","template":"","meta":{"_uag_custom_page_level_css":"","site-sidebar-layout":"default","site-content-layout":"page-builder","ast-global-header-display":"","ast-main-header-display":"","ast-hfb-above-header-display":"","ast-hfb-below-header-display":"","ast-hfb-mobile-header-display":"","site-post-title":"disabled","ast-breadcrumbs-content":"","ast-featured-img":"","footer-sml-layout":"","theme-transparent-header-meta":"enabled","adv-header-id-meta":"","stick-header-meta":"","header-above-stick-meta":"","header-main-stick-meta":"","header-below-stick-meta":""},"uagb_featured_image_src":{"full":false,"thumbnail":false,"medium":false,"medium_large":false,"large":false,"1536x1536":false,"2048x2048":false},"uagb_author_info":{"display_name":"alexanderbrusgaard","author_link":"https:\/\/autobiler.com\/index.php\/author\/alexanderbrusgaard\/"},"uagb_comment_info":0,"uagb_excerpt":"Det vi tilbyder","_links":{"self":[{"href":"https:\/\/autobiler.com\/index.php\/wp-json\/wp\/v2\/pages\/1812"}],"collection":[{"href":"https:\/\/autobiler.com\/index.php\/wp-json\/wp\/v2\/pages"}],"about":[{"href":"https:\/\/autobiler.com\/index.php\/wp-json\/wp\/v2\/types\/page"}],"author":[{"embeddable":true,"href":"https:\/\/autobiler.com\/index.php\/wp-json\/wp\/v2\/users\/1"}],"replies":[{"embeddable":true,"href":"https:\/\/autobiler.com\/index.php\/wp-json\/wp\/v2\/comments?post=1812"}],"version-history":[{"count":3,"href":"https:\/\/autobiler.com\/index.php\/wp-json\/wp\/v2\/pages\/1812\/revisions"}],"predecessor-version":[{"id":2497,"href":"https:\/\/autobiler.com\/index.php\/wp-json\/wp\/v2\/pages\/1812\/revisions\/2497"}],"wp:attachment":[{"href":"https:\/\/autobiler.com\/index.php\/wp-json\/wp\/v2\/media?parent=1812"}],"curies":[{"name":"wp","href":"https:\/\/api.w.org\/{rel}","templated":true}]}}